51. Let s(m) = -m**3 - 4*m**2 - 3*m - 1. Let i be s(-3). Is g(i) composite?
False
Suppose -2*g = -2*v + 2*g + 26, 0 = v + 5*g + 8. Let a = 9 - v. Suppose a*x + 826 - 165 = 5*p, 0 = -p + 5*x + 123. Is p composite?
True
Let c be (-21)/(-35) + 1029/(-15). Let p = 73 + c. Suppose 9*z - 4*z = -p*r + 3275, 2 = z. Is r a composite number?
False
Let p(n) = 3*n**2 - 4*n - 2. Let m be p(2). Suppose m*q - f = 1494, 3*f - 2978 = -4*q - 0*f. Is 33/(-11) + q*1 a composite number?
False
Let o(c) = -c**2 - 20*c - 12. Let t be o(-19). Suppose t*s - 3*s = 676. Let a = 423 - s. Is a a composite number?
True
Let x = 12423 - 1295. Suppose -5*h + 2*h = 2*u - 5566, x = 4*u + 5*h. Is u a composite number?
False
Let d(j) = -j**3 + 13*j**2 + 16*j + 2. Let q be d(14). Suppose -q*n + 31*n = 3989. Is n prime?
True
Suppose 0 = -5*v - 26 + 56. Suppose -v*j = -w - 11*j + 11398, 57135 = 5*w - 4*j. Is w a prime number?
True
Suppose 6 = -14591*i + 14593*i. Let h(t) = 8 - t + 123*t**2 + 8*t**2 + 213*t**2. Is h(i) prime?
False
Let i be (-11)/2*(-323 - 1). Is (i/24 - 1)*4 a composite number?
False
Let z(u) = 1988*u + 177. Let f be z(11). Suppose 5*x - f = -5*t, -13*t + x + 17621 = -9*t. Is t composite?
True
Let m(g) = -3*g**3 + g**2 + 35*g + 25. Let p = 83 - 97. Is m(p) a composite number?
False
Let t(l) = 31*l**2 + 6*l + 11. Is t(-16) a prime number?
False
Let k be 0*(-3)/(-6)*3/(-6). Suppose -3*r - 2*o + 15 = -k*r, 3*o = 3*r. Suppose -r*b - 530 = -3*w + 28, -929 = -5*w + 4*b. Is w a composite number?
True
Let s = 9060 - 5538. Suppose 12*f + s = 18*f. Is f composite?
False
Let y(s) = 1206*s**2 - 575*s - 6200. Is y(-11) composite?
False
Is (-2)/((-51)/(-7) + -7) + 323370 composite?
True
Suppose -2*f - 4017 = f. Suppose 144*p - 172*p + 52409 = -38311. Let s = p + f. Is s composite?
False
Suppose -35*z - 119*z + 30255304 = -33326830. Is z composite?
True
Suppose -4*a - 515814 = -2*o + 29488, -3*o - a = -817981. Is o prime?
True
Let g(a) = 4399*a**2 + 23*a + 241. Is g(-6) a composite number?
True
Suppose -18*n + 4*n = 14. Is (11401/13)/(n/(-19)) prime?
False
Let d(z) = 346*z**2 + 34*z + 22. Let u be d(22). Suppose 0 = 49*x - 71*x + u. Is x composite?
True
Suppose -y + 5*a = 4, -1 = -y + 4*a - 0. Suppose -3*b + 0*b - 4*d + 17 = 0, 4*b + 5*d - y = 0. Let g(z) = -157*z**3 + z**2 + z + 1. Is g(b) prime?
False
Suppose 938 = m - 814. Let d = 3157 - m. Is d a prime number?
False
Suppose -6*y + 3 + 3 = 0. Let i be 1283/y - (-2 + 2/2). Suppose -m = -h + 319, -2*h = -6*h + 2*m + i. Is h a composite number?
True
Suppose -10*z + 868772 = -533244 + 15226. Is z prime?
True
Suppose -16 = 10*w - 36. Suppose -w*k - 3076 = -2*h, 0 = 3*h + 5*k - 69 - 4521. Is h composite?
True
Let s(k) = 11*k**2 + 440*k + 248. Is s(-77) prime?
False
Let c(s) = s**2 + 6*s - 22. Let t be c(-9). Let h(k) = -t - 8 - 14 + k - 2*k + 57*k**2. Is h(-5) a composite number?
True
Let k(p) = 7*p + 18. Let c(m) = -15*m - 38. Let g(j) = 4*c(j) + 9*k(j). Let n be g(-3). Let i = 1318 + n. Is i prime?
True
Let j = -2270 + 2259. Let g(a) = -a**3 - 9*a - 12*a**2 - 3*a + 1 + 1. Is g(j) a prime number?
True
Let u = -27 + 29. Suppose 2*g + 2*x = u, g - 7 = 5*x - 4*x. Is (10 - g)*412 - -1 composite?
False
Is (-11 + 12145787)/16 - 22 a prime number?
True
Let m = -234 + 162. Let s be ((-1464)/(-15))/(m/20 - -4). Let j = 651 - s. Is j a prime number?
False
Is (-53097)/(-6) + -1 + (-2)/(-4) a prime number?
True
Suppose 2*a - 3*l + 7*l - 96 = 0, -l = 5*a - 213. Let s = -41 + a. Is (885/30)/(s/10) a composite number?
True
Let j be 3 + -3 + -3 + 8. Suppose -j*u + 4 = a, 5*a - 19 = 2*u + 1. Suppose -1025 - 315 = -a*h. Is h a composite number?
True
Let b be (-4)/14 + (-2)/(-7). Suppose b*p = p - 87. Let n = p + -34. Is n composite?
False
Let a = 10 + 22. Is (0 + 6323)/(16/a) a prime number?
False
Let c = 7 - 4. Suppose -c*f + 17*f = 12418. Is f a prime number?
True
Is 46660/5 - ((-7)/(-7) + 2) prime?
False
Suppose 8 = 4*t - 32. Let f be ((-12)/t)/(30/(-100)). Suppose f*q + 773 = 2097. Is q a composite number?
False
Suppose -61*z + 17068112 = 87*z - 71646492. Is z composite?
True
Suppose 3*b - 4*y = -1, b + 2*y - 10 - 3 = 0. Let x(a) = 294*a**3 + 5*a**2 - 43*a + 17. Is x(b) a composite number?
False
Let w be 9*(-202)/(-6) - 6. Let t = w + 149. Is t a prime number?
False
Let l = 4514021 - 2870832. Is l composite?
True
Let n = 86245 - 15160. Is n/27 + 14/63 composite?
False
Let p(j) = -2*j**3 + 317*j**2 + 282*j - 1633. Is p(156) prime?
True
Let p(w) = -29*w + 36. Let o be p(1). Is (-4)/o - 919999/(-287) composite?
True
Suppose -3*j + f = -59442, 2*j - 820 - 38808 = 3*f. Is j a prime number?
False
Let r(k) = 114402*k**2 - 40*k - 9. Is r(-2) composite?
False
Is (72 + 310)*(2006/4 + -3) a prime number?
False
Suppose 0 = 3*n + 1 - 7. Let z(u) = n*u + 499*u**2 - 2 - 3 - 4 + 11. Is z(-1) a composite number?
False
Let s(q) = q + 60. Let o be s(-18). Suppose 0 = -43*m + o*m + 967. Is m a prime number?
True
Is (2/(-6))/(5/(32038320/(-16))) a prime number?
True
Let s = 8 - 4. Suppose -471 - 369 = -s*q. Let t = 43 + q. Is t a prime number?
False
Let l(p) = 7*p**2 - 2*p + 153. Let u(j) = -20*j**2 + 7*j - 457. Let g(v) = -17*l(v) - 6*u(v). Is g(-38) a composite number?
False
Suppose -58706 = -2*m - 6*q, 9*q + 117496 = 4*m + 7*q. Is m composite?
True
Suppose k - 3*k - 4*t = 390, -4*k + 3*t - 824 = 0. Let z = k - -260. Is z a composite number?
True
Suppose 0 = -4*u - 2*a - 366, 0 = -2*u - 0*a + 2*a - 180. Let n = 85 + u. Is (n/(-18))/((-3)/(-3429)) a composite number?
True
Let d = -57510 + 117299. Is d composite?
True
Suppose -8565 = 5*f - 130. Let u = 2946 + f. Is u a prime number?
True
Is (-7)/63*435759*-3 a prime number?
True
Suppose 2*d - 1 = 2*v - 13, -5*d - 6 = v. Suppose -v*p = -407 - 1925. Is p a composite number?
True
Let l(k) = 6*k**2 - 109*k + 7. Let a be l(-49). Let d = a - 13233. Is d a composite number?
False
Let f(l) = 73*l**3 + 7*l**2 + l - 464. Is f(15) a prime number?
True
Suppose 0 = -5*p + 5, 5*o - 3*p = -p - 14172. Let w = o + 5167. Is w composite?
False
Let h be (22/5)/((-2)/(-10495)). Suppose -22*n + h = -53713. Is n composite?
False
Suppose -178*k + 54341434 = -110*k + 134*k. Is k prime?
False
Suppose 3*n = 2*p - n - 28360, -70900 = -5*p - 3*n. Suppose p = 5*v - 3*l + 6*l, 0 = -5*v - 2*l + 14175. Is v prime?
True
Suppose s = 120 - 418. Is -7 - -10 - (s - (-2 - -2)) prime?
False
Let i(x) = -5*x**3 + x**2 - 2*x - 6. Let b be i(-2). Is (-399760)/(-28) + (-6)/b composite?
True
Suppose -5*u - 9 - 261 = 0. Let j = u + 68. Let r(t) = 75*t + 19. Is r(j) a composite number?
False
Let i(h) = 6*h**3 + 8*h**2 - 3*h + 7. Let m(l) = l**3 + l**2. Let a(f) = i(f) - 5*m(f). Let v be a(-4). Suppose 0 = -4*b + v*b + 1337. Is b composite?
True
Let a(z) = -z**3 + 6*z**2 + z + 8. Let o be a(6). Let j(g) = 70*g - 37. Let r(c) = -75*c + 37. Let m(w) = -5*j(w) - 6*r(w). Is m(o) a composite number?
True
Let o(w) = -7718*w + 3. Let m be o(-1). Let c = 11667 - m. Is c prime?
False
Let d(t) = 3*t + 57. Let m be d(-18). Is 1/m + 8 + 265810/15 a prime number?
True
Suppose -4*f = -g + 55, -2*f + g = -2*g + 25. Let n = f + 21. Suppose 3*s + v - 633 = 0, -v = 5*s - n*s + 422. Is s a prime number?
True
Let b = -80 - -92. Suppose b*i - 82 = 14. Suppose -i*m + 1477 = -m. Is m prime?
True
Let q = 94 + -92. Let p be ((-4)/(-10) - q)/(38/(-95)). Suppose -4*r - 5*k = -6*k - 861, 0 = 5*r - p*k - 1079. Is r a prime number?
False
Let l be -16 - (2 - 3) - (-10)/10. Is (l*1908)/(-7) - -1 a prime number?
False
Suppose 2*c + 4*f = 7*c - 98, 0 = 5*f + 10. Is (3/((-9)/5515))/((-6)/c) a prime number?
False
Suppose 12 = 2*d - 2*x, -2*x = 6*d - 11*d + 30. Suppose d*i - 116310 = -0*i. Is i prime?
False
Let i(r) = -9 - 4 - 7 + 10 + 37*r. Let o(j) = j + 1. Let a(d) = -i(d) + 3*o(d). Is a(-3) composite?
True
Let g = 51157 - 35196. Suppose 2*j - 3*b - g = 0, 26569 = 5*j + 4*b - 13368. Is j a composite number?
True
Let g = -66 + 135. Let k = 69 - g. Suppose 4*i - 5*i + 489 = k. Is i a prime number?
False
Let c be 3 - 0 - -6 - 1*2. Suppose -c*w + 0*w = -2*w. Suppose -q + 2579 = -w*q. Is q composite?
False
Suppose 5*g = -4*l + 251654, l + 3278 - 66193 = -g. Is l a prime number?
True
Let g(u) = -5*u - 27. Let z be g(-5). Let i be 2 - 3 - (44306 + -2)/z. Let x = i - 13660. Is x composite?
True
Let b b